
Let r(w) = -4*w**3 - 11*w**2 + 4*w + 8. Give r(-3).
5
Let a(s) = s**3 - 43*s**2 + 307*s - 10. Calculate a(9).
-1
Let w(z) = 3406*z - 51104. Give w(15).
-14
Let y(b) = b**2 - 80*b + 879. Determine y(15).
-96
Let q(z) = -z**3 + 38*z**2 - z + 33. Give q(38).
-5
Let g(q) = -2*q**3 + 60*q**2 - 8*q + 323. Give g(30).
83
Let q(k) = 2*k**2 - 72*k - 30. Give q(33).
-228
Let h(p) = -312*p - 629. Determine h(-2).
-5
Let m(y) = 26*y - 111. Determine m(6).
45
Let a(g) = g**3 + 4*g**2 - 24*g + 96. What is a(-9)?
-93
Let a(r) = -9*r**2 - 118*r + 103. Give a(-14).
-9
Let j(a) = -51*a + 464. Determine j(-5).
719
Let m(r) = -r**3 + 11*r**2 + 45*r - 319. Determine m(8).
233
Let p(o) = -13*o - 97. What is p(-33)?
332
Let z(v) = -4*v**2 + 6*v + 24. Determine z(-4).
-64
Let r(d) = -10*d**2 - 30*d + 61. What is r(9)?
-1019
Let v(p) = -p**3 + 61*p**2 + 1933*p - 89. Determine v(84).
-5
Let q(g) = -g**3 + 7*g**2 - 28*g + 3. Calculate q(9).
-411
Let u(v) = -v**3 - 5*v**2 + 24*v + 1. Give u(-8).
1
Let l(h) = -40*h + 381. What is l(11)?
-59
Let v(x) = -x**2 - 107*x + 463. What is v(4)?
19
Let n(r) = -141*r + 907. Calculate n(6).
61
Let l(k) = 4*k**3 - 7*k**2 + k + 3. Give l(4).
151
Let b(d) = -4*d**2 + 40*d - 348. Calculate b(10).
-348
Let q(i) = -34*i**2 + 176*i - 10. Give q(5).
20
Let i(s) = -806*s - 4031. Calculate i(-5).
-1
Let w(s) = -s**2 + 92*s - 797. What is w(10)?
23
Let f(y) = 10*y**2 + 84*y + 32. What is f(-8)?
0
Let y(i) = i**3 + 3*i**2 - 3*i - 5. Calculate y(0).
-5
Let p(u) = 5*u**2 + 96*u + 55. Determine p(-19).
36
Let w(o) = 215*o - 7740. Give w(36).
0
Let b(i) = -2089*i + 12531. Give b(6).
-3
Let m(z) = 437*z + 23159. Give m(-53).
-2
Let y(d) = 661*d + 46273. What is y(-70)?
3
Let d(a) = a**2 + 2110*a + 6311. Calculate d(-3).
-10
Let o(w) = 451*w - 2792. What is o(6)?
-86
Let x(k) = 4*k**3 + 3*k**2 + k - 7. Determine x(0).
-7
Let h(k) = 5*k**3 - 39*k**2 - 52*k - 21. Give h(9).
-3
Let i(x) = -156*x**2 - 7*x - 11. Determine i(-2).
-621
Let g(y) = 279*y + 288. What is g(-1)?
9
Let g(r) = -13*r - 130. What is g(-18)?
104
Let o(q) = q**3 - 4*q**2 - 119*q + 484. Determine o(11).
22
Let v(g) = -2*g**3 - 31*g**2 - 14. Give v(-15).
-239
Let i(n) = -2*n**2 + 81*n + 306. Determine i(44).
-2
Let s(q) = q**3 + 232*q**2 - 468*q + 2. Determine s(-234).
2
Let o(y) = y**3 - 101*y**2 + 518*y - 41802. What is o(100)?
-2
Let i(o) = o**3 - 11*o**2 - 243*o + 18. Calculate i(22).
-4
Let b(g) = 386*g + 7413. Calculate b(-19).
79
Let x(c) = -c - 85. Determine x(5).
-90
Let q(y) = -y**3 + 5*y**2 + 21*y - 71. What is q(7)?
-22
Let b(v) = -v**3 - 2*v**2 + 16*v + 4. Give b(4).
-28
Let p(a) = a**2 + 64*a + 869. Give p(-20).
-11
Let f(i) = 13*i**2 - 125*i - 783. Give f(14).
15
Let r(z) = 304*z - 2472. Calculate r(7).
-344
Let x(b) = 74*b + 4341. Calculate x(-59).
-25
Let y(x) = x**3 - 15*x**2 - 18*x - 35. What is y(17)?
237
Let h(m) = -58*m**2 + 94*m. What is h(-2)?
-420
Let o(g) = 2*g**2 + 87*g - 37. Calculate o(-44).
7
Let j(l) = -26*l**3 - 416*l**2 + l + 6. What is j(-16)?
-10
Let k(i) = i**3 - 19*i**2 + 38*i + 87. Determine k(15).
-243
Let y(p) = -19*p**2 + 515*p - 53. Determine y(27).
1
Let j(k) = -303*k + 484. Calculate j(2).
-122
Let z(b) = 4*b**2 + 10*b - 222. Determine z(10).
278
Let a(s) = s**2 + 33*s - 106. Give a(3).
2
Let o(i) = 22*i**2 - 154*i + 49. Determine o(6).
-83
Let a(n) = -n**3 + 11*n + 26. Determine a(-2).
12
Let c(t) = -t**3 + 6*t**2 + 14*t + 11. Calculate c(11).
-440
Let t(b) = 178*b + 675. What is t(-4)?
-37
Let z(x) = 2*x**2 - 68*x + 47. Calculate z(0).
47
Let h(t) = -t**3 + 38*t**2 + 74*t - 2833. Calculate h(38).
-21
Let z(g) = -85*g - 66. Give z(-1).
19
Let o(l) = -446*l + 6410. Give o(15).
-280
Let b(c) = -c**2 + 50*c + 832. Determine b(63).
13
Let d(v) = 2*v**2 - 27*v + 8. What is d(16)?
88
Let b(m) = -911*m + 49207. Calculate b(54).
13
Let o(a) = a**3 + 3*a**2 + 1195*a + 2382. Give o(-2).
-4
Let a(t) = t**3 - 20*t**2 - 10*t + 10. Give a(21).
241
Let i(h) = -9*h**2 + 196*h + 36. Determine i(22).
-8
Let w(q) = -5*q**2 + 133*q - 453. Give w(4).
-1
Let j(m) = 6*m**3 + 23*m**2 - 2*m + 6. Give j(-4).
-2
Let l(y) = -134*y - 3894. What is l(-29)?
-8
Let o(z) = 8*z + 56. What is o(-11)?
-32
Let s(m) = -57*m + 1148. Determine s(21).
-49
Let n(h) = -35*h + 1021. Give n(28).
41
Let u(w) = w**2 + 230*w + 896. Determine u(-4).
-8
Let z(k) = 21*k**2 - 3718*k + 188. Determine z(177).
11
Let m(c) = -6*c**2 - 8*c - 12. Calculate m(-8).
-332
Let r(j) = j**2 - 2*j + 297. What is r(0)?
297
Let y(x) = 9*x**2 - 385*x - 96. What is y(43)?
-10
Let x(c) = 3*c**2 - 26*c + 66. What is x(5)?
11
Let f(w) = w**3 + 20*w**2 - 47*w - 70. Calculate f(-22).
-4
Let s(l) = -3*l**3 + 23*l**2 - 34*l + 14. Calculate s(2).
14
Let i(s) = s**3 + 5*s**2 - 25*s - 46. What is i(-9)?
-145
Let o(f) = 4*f**2 + 328*f + 641. Determine o(-80).
1
Let x(f) = 26*f - 3000. What is x(119)?
94
Let t(d) = d**3 - 8*d**2 + 341*d - 3150. Give t(9).
0
Let t(h) = h**2 + 42*h + 391. Give t(-11).
50
Let v(k) = 9*k**3 + k**2 - 10*k - 6. Give v(3).
216
Let n(g) = g**3 - 16*g**2 + 19*g + 30. What is n(13)?
-230
Let o(m) = 1037*m + 8414. What is o(-8)?
118
Let h(b) = -1369*b - 10. What is h(0)?
-10
Let q(s) = 2*s**2 - 18*s + 116. Give q(6).
80
Let y(x) = 47*x + 520. Determine y(-14).
-138
Let u(h) = h**2 - 17*h - 13. What is u(0)?
-13
Let t(y) = -434*y + 5247. Calculate t(12).
39
Let j(m) = -264*m - 1344. Calculate j(-5).
-24
Let t(x) = -392*x - 2624. What is t(-7)?
120
Let s(h) = -19*h**2 - 12*h - 24. Give s(-3).
-159
Let f(t) = 2*t**3 - 6*t**2 + 3*t + 4. What is f(3)?
13
Let p(i) = 15*i**2 - 227*i + 22. What is p(15)?
-8
Let m(u) = 12*u - 118. Give m(12).
26
Let b(s) = 121*s + 842. Calculate b(-8).
-126
Let u(q) = -q**2 - 31*q - 289. Determine u(-16).
-49
Let f(l) = -2*l**3 + 16*l**2 - 20*l + 33. Calculate f(7).
-9
Let m(w) = 9*w**2 + 7*w - 225. Calculate m(9).
567
Let z(v) = -64*v - 3804. What is z(-60)?
36
Let t(y) = -y**3 + 22*y**2 + 32*y + 100. Give t(23).
307
Let t(y) = -2*y**2 - 106*y + 113. What is t(-54)?
5
Let i(l) = 90*l**2 - 296*l + 26. Calculate i(3).
-52
Let f(m) = 42*m + 60. What is f(-1)?
18
Let u(q) = 8*q**3 + 329*q**2 + 39*q - 91. Determine u(-41).
-9
Let j(m) = -m**3 - 7*m**2 - 387*m - 1501. Give j(-4).
-1
Let k(h) = -h**3 + 4*h**2 + 4*h + 36. Give k(6).
-12
Let k(f) = -587*f**2 + 15*f + 16. Determine k(-1).
-586
Let c(u) = -u**3 - 10*u**2 - 16*u - 14. What is c(-11)?
283
Let b(q) = -6*q**2 - 2442*q - 2441. Determine b(-1).
-5
Let o(t) = -146*t - 27886. What is o(-191)?
0
Let m(f) = -f**2 + 269*f - 5437. Calculate m(22).
-3
Let q(b) = 63*b + 205. Give q(-3).
16
Let x(j) = 4*j**3 - 8*j - 12. Calculate x(-4).
-236
Let y(u) = -u**3 - 26*u**2 - 54*u - 143. Give y(-24).
1
Let w(l) = 84574*l + 84581. Determine w(-1).
7
Let l(s) = 4*s**2 + 23*s + 105. Determine l(-11).
336
Let z(j) = 7*j - 221. Determine z(21).
-74
Let g(y) = 2*y**3 - 11*y**2 - 2*y + 27. Calculate g(8).
331
Let t(x) = -x**2 - 436*x - 42810. Calculate t(-149).
-47
Let q(j) = -j**3 + 4*j**2 + 13*j + 13. Give q(8).
-139
Let s(t) = 41*t + 120. Determine s(7).
407
Let q(d) = -2*d**2 + 653*d - 328. Calculate q(326).
-2
Let t(x) = -6014*x - 6004. Determine t(-1).
10
Let v(b) = 18*b**2 + 3*b - 4. Calculate v(-2).
62
Let f(v) = -v**3 - 86*v**2 + 195*v + 1647. What is f(-88)?
-25
Let n(g) = -g**3 + 7*g**2 - 3*g - 23. What is n(6)?
-5
Let f(j) = j**3 - 18*j**2 - 40*j + 443. Give f(19).
44
Let j(k) = 7*k - 176. What is j(24)?
-8
Let d(z) = 2*z**3 + 119*z**2 - 64*z - 285. Determine d(-60).
-45
Let i(j) = -j**3 + 66*j**2 - 70*j + 359. What is i(65)?
34
Let u(q) = -27*q - 178. What is u(-7)?
11
Let y(x) = -785*x - 18066. What is y(-23)?
-11
Let q(p) = 15*p**3 + 221*p**2 + 152*p - 23. Give q(-14).
5
Let x(z) = -z**2 + 199*z - 9084. Give x(128).
4
Let p(t) = 2*t**2 - 22*t - 4. What is p(9)?
-40
Let b(n) = 198*n + 9954. What is b(-50)?
54
Let p(y) = -y**3 + 7*y**2 - 4*y + 38. What is p(7)?
10
Let k(v) = -2*v**3 - 78*v**2 + 250*v - 78. Determine k(-42).
6
Let w(s) = s**3 + 20*s**2 + 23*s - 57. Determine w(-18).
177
Let x(d) = 7*d**2 + 12*d - 31. What is x(-9)?
428
Let t(a) = -a**3 - 21*a**2 + 45*a + 10. Determine t(-23).
33
Let t(f) = -34*f**2 - 1327*f - 60. Give t(-39).
-21
Let n(a) = -4*a**3 - 225*a**2 + 675*a + 8. Calculate n(3).
-100
Let z(r) = r**2 - 56